44 and 184.
8
What is the highest common divisor of 45 and 195?
15
What is the greatest common divisor of 11 and 1133?
11
What is the highest common factor of 200 and 850?
50
Calculate the greatest common divisor of 315 and 46935.
315
What is the greatest common factor of 49 and 1393?
7
What is the highest common divisor of 78 and 6?
6
What is the highest common divisor of 21 and 889?
7
Calculate the highest common divisor of 24246 and 27.
27
Calculate the highest common factor of 1750 and 14.
14
Calculate the highest common divisor of 297 and 135.
27
What is the highest common divisor of 72 and 156?
12
What is the highest common factor of 93 and 1023?
93
Calculate the highest common divisor of 10 and 22.
2
Calculate the greatest common divisor of 70 and 50.
10
What is the highest common divisor of 2 and 458?
2
Calculate the highest common divisor of 1843 and 194.
97
What is the greatest common factor of 70 and 630?
70
Calculate the greatest common divisor of 3 and 1311.
3
What is the greatest common divisor of 329 and 14?
7
Calculate the highest common factor of 21 and 63.
21
Calculate the highest common factor of 16 and 296.
8
What is the highest common divisor of 218 and 3161?
109
What is the greatest common divisor of 187 and 176?
11
What is the greatest common factor of 200 and 25?
25
What is the greatest common divisor of 25 and 55?
5
Calculate the greatest common factor of 688 and 43.
43
What is the highest common factor of 27149 and 17?
17
Calculate the highest common factor of 106 and 2173.
53
What is the greatest common divisor of 54 and 324?
54
Calculate the greatest common factor of 1458 and 18.
18
What is the greatest common factor of 28 and 33068?
28
Calculate the highest common divisor of 140 and 3185.
35
Calculate the greatest common factor of 1131 and 117.
39
What is the highest common factor of 9 and 117?
9
Calculate the highest common divisor of 16652 and 23.
23
Calculate the highest common factor of 184 and 23.
23
What is the greatest common divisor of 391 and 153?
17
What is the greatest common divisor of 1088 and 204?
68
What is the greatest common factor of 280 and 490?
70
What is the greatest common divisor of 92 and 414?
46
What is the greatest common factor of 2562 and 84?
42
What is the greatest common factor of 19261 and 22?
11
What is the greatest common factor of 7084 and 92?
92
Calculate the highest common divisor of 8 and 216.
8
Calculate the highest common divisor of 8820 and 900.
180
Calculate the highest common divisor of 1704 and 24.
24
Calculate the highest common divisor of 109 and 109.
109
Calculate the greatest common factor of 24 and 200.
8
What is the greatest common factor of 536 and 8174?
134
Calculate the greatest common divisor of 960 and 156.
12
Calculate the highest common factor of 2304 and 18.
18
What is the highest common factor of 3 and 299?
1
Calculate the highest common factor of 736 and 115.
23
What is the greatest common divisor of 808 and 224?
8
What is the greatest common divisor of 126 and 243?
9
What is the greatest common divisor of 16610 and 330?
110
Calculate the highest common divisor of 40 and 500.
20
Calculate the highest common factor of 473 and 301.
43
What is the highest common factor of 9 and 369?
9
What is the highest common factor of 72 and 174?
6
What is the highest common divisor of 286 and 156?
26
What is the highest common divisor of 75 and 405?
15
Calculate the greatest common divisor of 6 and 32.
2
What is the highest common factor of 34 and 391?
17
Calculate the greatest common divisor of 252 and 225.
9
What is the highest common factor of 3854 and 82?
82
Calculate the highest common factor of 1058 and 2.
2
Calculate the highest common divisor of 64 and 1952.
32
Calculate the highest common factor of 2 and 2.
2
Calculate the highest common factor of 3000 and 30.
30
Calculate the greatest common factor of 144 and 192.
48
Calculate the highest common factor of 60 and 140.
20
Calculate the highest common factor of 832 and 1027.
13
Calculate the highest common factor of 60 and 140.
20
Calculate the greatest common factor of 360 and 124.
4
What is the greatest common divisor of 8 and 313?
1
Calculate the highest common factor of 166 and 581.
83
What is the greatest common factor of 140 and 40?
20
What is the greatest common divisor of 285 and 20?
5
What is the highest common divisor of 64 and 40?
8
What is the highest common factor of 531 and 59?
59
Calculate the highest common factor of 1815 and 5.
5
Calculate the highest common factor of 85 and 2295.
85
Calculate the greatest common factor of 98 and 266.
14
What is the highest common factor of 867 and 408?
51
What is the highest common divisor of 45 and 18?
9
Calculate the highest common divisor of 285 and 741.
57
What is the highest common factor of 4095 and 210?
105
Calculate the highest common factor of 330 and 12.
6
Calculate the greatest common factor of 4893 and 42.
21
Calculate the greatest common divisor of 27 and 81.
27
What is the highest common divisor of 15 and 1260?
15
What is the highest common factor of 80 and 5?
5
Calculate the greatest common divisor of 40 and 120.
40
Calculate the greatest common factor of 156 and 3328.
52
What is the highest common factor of 19050 and 120?
30
What is the greatest common factor of 231 and 21?
21
Calculate the highest common divisor of 9 and 2007.
9
Calculate the highest common factor of 250 and 50.
50
Calculate the highest common divisor of 2 and 2.
2
What is the greatest common factor of 627 and 66?
33
Calculate the highest common divisor of 16015 and 5.
5
Calculate the greatest common divisor of 184 and 16.
8
What is the greatest common divisor of 32 and 2936?
8
Calculate the greatest common divisor of 262 and 2.
2
What is the highest common divisor of 30 and 5145?
15
What is the highest common factor of 30 and 795?
15
What is the highest common factor of 6572 and 372?
124
Calculate the highest common factor of 380 and 20.
20
What is the greatest common factor of 1793 and 652?
163
Calculate the highest common divisor of 399 and 76.
19
What is the highest common factor of 1441 and 11?
11
What is the greatest common factor of 34 and 10625?
17
What is the greatest common factor of 60 and 45?
15
What is the greatest common divisor of 48 and 1296?
48
Calculate the highest common divisor of 22 and 22.
22
Calculate the highest common divisor of 470 and 160.
10
Calculate the highest common factor of 102 and 1479.
51
What is the greatest common divisor of 24 and 168?
24
What is the greatest common factor of 12859 and 154?
77
Calculate the greatest common divisor of 4220 and 20.
20
What is the highest common divisor of 297 and 209?
11
What is the highest common divisor of 3573 and 18?
9
Calculate the highest common factor of 11 and 16.
1
What is the greatest common factor of 17 and 425?
17
Calculate the highest common factor of 2250 and 2550.
150
What is the highest common factor of 1860 and 60?
60
What is the greatest common factor of 112 and 161?
7
What is the highest common divisor of 1380 and 540?
60
Calculate the greatest common divisor of 56 and 40.
8
What is the greatest common divisor of 10 and 710?
10
Calculate the highest common factor of 1872 and 288.
144
What is the highest common divisor of 75 and 3675?
75
Calculate the highest common divisor of 32 and 4728.
8
What is the greatest common factor of 182 and 273?
91
What is the highest common factor of 180 and 75420?
180
Calculate the highest common factor of 170 and 30.
10
Calculate the highest common divisor of 231 and 154.
77
Calculate the highest common factor of 52 and 20.
4
Calculate the greatest common factor of 7943 and 329.
47
Calculate the greatest common divisor of 37 and 4847.
37
What is the greatest common factor of 12 and 117?
3
What is the highest common factor of 93 and 9951?
93
What is the highest common factor of 3900 and 2700?
300
Calculate the greatest common divisor of 5845 and 14.
7
Calculate the greatest common divisor of 924 and 3003.
231
Calculate the highest common divisor of 9 and 243.
9
Calculate the highest common factor of 57 and 7543.
19
Calculate the highest common factor of 1359 and 9.
9
What is the greatest common factor of 6384 and 24?
24
What is the highest common factor of 2